 2*l**3 - 113*l**2 - 1524*l - 43. Calculate b(-13).
-3722
Let w(c) = -6153*c + 246132. Calculate w(40).
12
Let d(c) = 4*c**2 + 266*c + 2239. What is d(-17)?
-1127
Let h(w) = -18819*w - 150479. Give h(-8).
73
Let n(s) = 3*s**3 - 193*s**2 + 2791*s + 32. What is n(22)?
-34
Let x(s) = -5*s**3 + 19*s**2 + 151*s - 707. Calculate x(4).
-119
Let j(t) = -702*t**2 + 2991*t - 675. Determine j(4).
57
Let z(t) = -2912*t + 44994. What is z(16)?
-1598
Let c(o) = -130283*o + 23060083. Give c(177).
-8
Let g(h) = -3*h**3 - 855*h**2 + 563*h - 84378. Give g(-286).
-8
Let f(g) = 13*g**3 + 2033*g**2 + 2892*g + 15816. Determine f(-155).
6
Let z(v) = -v**3 + 18*v**2 + 85*v + 658. Determine z(26).
-2540
Let d(r) = 6365044*r - 57285397. Calculate d(9).
-1
Let v(d) = -711*d - 177765. Give v(-250).
-15
Let v(j) = j**2 - 2386*j + 123643. Give v(53).
-6
Let a(f) = 3*f**2 - 1382*f - 9819. Calculate a(-7).
2
Let n(f) = -1079*f**2 - 1204*f + 1. What is n(-1)?
126
Let j(g) = 290*g**3 + 140*g**2 - 201*g + 60. What is j(1)?
289
Let v(p) = -711*p**2 + 20619*p + 4. Calculate v(29).
4
Let l(q) = 134*q**2 - 1246*q - 3033. Give l(-2).
-5
Let u(b) = 6*b**2 - 26770*b + 107047. Calculate u(4).
63
Let y(a) = a**3 - 53*a**2 + 28*a + 201. What is y(53)?
1685
Let q(z) = 4788*z + 4098532. Determine q(-856).
4
Let c(i) = i**2 - 134*i - 14156. What is c(-71)?
399
Let r(a) = -46*a**2 + 1416*a + 105. Determine r(31).
-205
Let p(s) = -354*s**2 - 3561*s - 134. What is p(-10)?
76
Let l(a) = a**3 - 32*a**2 + 130*a + 792. Determine l(26).
116
Let a(k) = -7159*k - 2749. What is a(0)?
-2749
Let n(a) = -439*a - 19628. What is n(-45)?
127
Let c(n) = n**3 + 601*n**2 - 16300*n + 1341. Calculate c(-627).
87
Let x(b) = b**3 + 13*b**2 - 505*b - 1181. Calculate x(-29).
8
Let n(b) = -5*b**3 + 192*b**2 + 1219*b + 6. Give n(-6).
684
Let g(w) = w**2 + 448*w - 32180. What is g(63)?
13
Let g(o) = 1308*o - 175210. Determine g(134).
62
Let c(q) = -q**3 + 166*q**2 - 224*q - 17033. What is c(164)?
23
Let z(o) = 1135*o - 20389. Calculate z(18).
41
Let n(a) = 5457*a - 272886. Calculate n(50).
-36
Let f(b) = -b**2 + 271*b + 6476. Calculate f(-23).
-286
Let x(w) = -1619*w + 3231. Calculate x(2).
-7
Let k(g) = g**2 - 111341*g + 668003. Calculate k(6).
-7
Let m(g) = -28853*g + 86494. Calculate m(3).
-65
Let a(v) = 366*v - 31253. Calculate a(85).
-143
Let z(l) = -17*l**2 + 107*l + 278. What is z(-5)?
-682
Let i(t) = 37844*t - 189625. Give i(5).
-405
Let u(f) = -1587*f**2 - 61890*f - 163. Calculate u(-39).
-280
Let g(j) = 770*j - 384. Determine g(1).
386
Let z(r) = -2993*r + 19007. What is z(7)?
-1944
Let b(m) = 166*m - 12812. Calculate b(77).
-30
Let t(x) = -x**3 + 28*x**2 - 145*x - 780. Give t(17).
-66
Let r(b) = -1776*b - 7060. Give r(-4).
44
Let q(l) = -341*l**2 - 21*l - 18. Give q(-2).
-1340
Let c(g) = 571*g**2 - 30832*g - 40. Give c(54).
68
Let q(u) = -28*u**2 - 96*u + 2510. Give q(8).
-50
Let u(w) = -485*w**3 - 2*w**2 + 101*w + 101. What is u(-1)?
483
Let k(d) = d**2 - 113*d - 944. Give k(120).
-104
Let s(k) = 21*k**2 + 6862*k + 5266. Calculate s(-326).
50
Let j(n) = 62*n + 1461. Give j(-29).
-337
Let i(v) = 2*v**3 + 75*v**2 - 382*v - 481. Calculate i(-42).
-313
Let o(m) = m**3 - 136*m**2 + 366*m - 49479. Give o(136).
297
Let b(k) = 2*k**2 - 253*k + 3362. Determine b(15).
17
Let w(n) = n**3 + 16*n**2 - 318*n - 4761. Give w(-20).
-1
Let j(a) = -a**3 - 196*a**2 - 1998*a - 145. Determine j(-10).
1235
Let g(b) = -509*b + 24111. Calculate g(49).
-830
Let g(i) = -634*i**3 - 5708*i**2 + 45*i + 560. Calculate g(-9).
-7
Let y(f) = -f**3 + 381*f**2 - 6205*f + 301. Give y(17).
12
Let w(v) = 8*v**3 - 245*v**2 + 146*v - 36. Calculate w(30).
-156
Let g(w) = 35*w**3 + 9*w**2 + 1490*w + 2987. Determine g(-2).
-237
Let f(o) = -221*o + 10114. Calculate f(51).
-1157
Let b(k) = -12*k - 2112. Calculate b(-39).
-1644
Let z(s) = -s**3 + 14*s**2 - 291*s + 4101. What is z(14)?
27
Let w(x) = 3*x**3 - 40*x**2 + 3*x + 340. Give w(17).
3570
Let n(r) = 4*r**2 + 1048*r + 10087. What is n(-252)?
7
Let k(r) = -2*r**3 - 7*r**2 + 5*r - 157. Calculate k(-6).
-7
Let q(m) = -75*m**3 - m**2 - 2388*m - 2389. Determine q(-1).
73
Let q(c) = c**3 - 148*c**2 + 5538*c - 6857. Give q(79).
16
Let g(o) = 186*o**2 - 7434*o - 301. Give g(40).
-61
Let l(w) = w**3 + 21*w**2 + 74*w + 160. Calculate l(-19).
-524
Let j(d) = 2*d**3 - 19*d**2 + 95*d - 745. Calculate j(8).
-177
Let b(t) = -t**3 - 41*t**2 - 199*t + 12. Determine b(-6).
-54
Let q(b) = b**3 + 268*b**2 + 7241*b + 24044. What is q(-238)?
6
Let x(w) = -w**3 - 395*w**2 + 1781*w + 73818. What is x(-399)?
3
Let q(c) = 19434*c - 4120001. Give q(212).
7
Let c(f) = 56180*f + 786579. Give c(-14).
59
Let k(h) = -h**3 - 60*h**2 + 198*h - 3731. Give k(-64).
-19
Let f(o) = -120*o - 6012. Give f(-71).
2508
Let t(m) = 6*m**2 + 48*m - 55. Give t(-18).
1025
Let w(i) = -15516*i - 1753301. What is w(-113)?
7
Let t(r) = -r**3 + 119*r**2 - 1116*r - 63039. Give t(102).
-3
Let y(b) = -26749*b + 160089. Give y(6).
-405
Let s(x) = -x**2 + 332*x + 12311. Calculate s(365).
266
Let n(q) = 2006*q - 904723. Give n(451).
-17
Let i(p) = 2*p**2 + 352*p + 8581. Determine i(-30).
-179
Let k(l) = 5879*l - 46861. Calculate k(8).
171
Let p(o) = -2*o**2 - 2*o + 1839. What is p(-33)?
-273
Let u(a) = a**3 - 376*a + 159. Determine u(-20).
-321
Let f(u) = -11*u**2 + 179*u - 13. What is f(-4)?
-905
Let h(g) = -g**2 + 578*g - 13300. Give h(24).
-4
Let l(m) = 174*m**2 + 1387*m - 32. Give l(-10).
3498
Let i(f) = 28503*f + 56717. Calculate i(-2).
-289
Let w(r) = r**3 + 272*r**2 - 7441*r - 4755. Determine w(-297).
-3
Let c(i) = -661*i**3 + 10*i**2 - 40*i - 94. Determine c(-2).
5314
Let u(f) = -f**3 - 237*f**2 + 7696*f - 4793. What is u(-266)?
-5
Let n(k) = k**2 + 95*k - 777. What is n(8)?
47
Let y(f) = f**3 + 19*f**2 - 148*f + 239. What is y(5)?
99
Let a(w) = -w**3 - 23*w**2 - 250*w - 4067. Calculate a(-20).
-267
Let x(f) = f**3 - 45*f**2 + 163*f + 7996. What is x(32)?
-100
Let k(o) = 707*o + 707. What is k(-1)?
0
Let c(j) = 9*j**3 + 90*j**2 - 33*j - 377. Determine c(-10).
-47
Let a(x) = 34*x**3 + 4556*x**2 - 7*x - 934. Give a(-134).
4
Let a(d) = 15297*d**2 + 321233*d - 122. Calculate a(-21).
-38
Let i(y) = 64473*y + 386846. Give i(-6).
8
Let i(d) = -d**3 - 117*d**2 - 332*d + 1139. Determine i(-114).
-1
Let h(s) = -10*s**2 + 1173*s - 14459. Give h(14).
3
Let h(q) = q**3 - 123*q**2 - 2195*q + 481. What is h(-16)?
17
Let u(r) = 1450*r - 7837. Calculate u(5).
-587
Let n(a) = -46*a - 3081. What is n(-46)?
-965
Let i(j) = -j**3 - 76*j**2 - 618*j + 31382. Calculate i(-38).
-6
Let z(u) = u**2 + 320*u + 14121. Determine z(-54).
-243
Let i(t) = 940*t - 13161. Determine i(16).
1879
Let l(t) = 14*t**2 - 1311*t + 30543. What is l(50)?
-7
Let b(r) = 198*r - 10336. Calculate b(52).
-40
Let d(j) = 249*j**2 + 2658*j + 1681. Determine d(-10).
1
Let r(b) = 673664*b - 1347321. What is r(2)?
7
Let n(c) = c**2 + 1176*c - 278356. Determine n(202).
0
Let z(h) = -88*h - 27733. Calculate z(-315).
-13
Let a(d) = 1047*d + 151262. Determine a(-143).
1541
Let p(z) = 4*z**3 - 46*z**2 - 7308*z + 7353. Calculate p(1).
3
Let j(o) = -35331*o + 3603779. Calculate j(102).
17
Let c(d) = -1932*d + 34988. Determine c(18).
212
Let l(v) = v**3 - 63*v**2 + 568*v - 35815. Determine l(63).
-31
Let z(a) = -a**3 + 114*a**2 + 456*a - 418. Give z(118).
-2306
Let l(m) = -m**3 + 134*m**2 - 1120*m - 627. Give l(125).
-2
Let a(j) = -14*j**3 + 844*j**2 - 242*j + 100. What is a(60)?
-20
Let u(y) = -640*y + 8647. Determine u(22).
-5433
Let i(g) = 2*g**3 - 863*g**2 + 82070*g - 115. Give i(290).
-115
Let n(o) = 3*o**3 - 749*o**2 + 500*o - 577. What is n(249)?
-79
Let b(m) = -4*m**3 + 4972*m**2 - 19801*m - 28497. Give b(1239).
0
Let o(z) = 22*z**3 + 150*z**2 - 31*z - 12. What is o(-7)?
9
Let f(s) = -24592*s + 123101. Calculate f(5).
141
Let c(k) = k**3 - 121*k**2 - 934*k - 12300. What is c(129)?
342
Let n(z) = z**2 + 256*z - 5700. Calculate n(-277).
117
Let b(n) = -3*n**3 + 354*n**2 - 9*n + 1031. Calculate b(118).
-31
Let i(r) = 6*r**2 - 495*r + 2627. Give i(77).
86
Let w(t) = 6426*t + 19171. Calculate w(-3).
-107
Let q(h) = -h**2 - 1116*h + 70581. Give q(60).
21
Let w(m) = -32*m**2 + 3769*m + 535. Give w(118).
-291
Let n(r) = 23*r**2 - 223*r - 38. What is n(12)?
598
Let v(g) = 49*g**2 - 778*g - 2. Give v(16).
94
L